1 and n?
31
Suppose 12 = 5*v - 3*v. Let c(y) = -9*y + 2. Let l(f) = -55*f + 13. Let o(z) = v*l(z) - 39*c(z). Let s be o(1). What is the highest common factor of s and 7?
7
Suppose 18*j - 22*j = -64. Calculate the highest common divisor of 4 and j.
4
Let m be 651/12 - 2/8. Let y(g) = 2*g + 32. Let z be y(-13). Calculate the greatest common divisor of m and z.
6
Suppose -4 - 28 = -2*r. Calculate the highest common factor of r and 24.
8
Suppose 3*u + 3 = c + u, 0 = 2*u - 2. Suppose -118 = -2*b + b + 4*s, -450 = -4*b + c*s. What is the highest common divisor of 10 and b?
10
Let x(q) = 10*q**2 - 2*q - 2. Let l be x(4). Suppose -3*n = -3*d - l, -5*n = 5*d - d - 205. Let r = n - -109. Calculate the highest common divisor of 14 and r.
14
Suppose 4*p = -9 + 49. What is the greatest common factor of p and 50?
10
Let f be -2 - (2 + -7*5). Let a = f + -13. Let u = a + -10. Calculate the highest common factor of u and 88.
8
Suppose 0 = b - 5*k - 5, 0*b - 5*k - 35 = -4*b. Suppose 4*s - 29 = -5*d, -6*d + 2*d + b = s. What is the highest common divisor of s and 2?
2
Suppose -3*u + 2*u - 2*m = -3, -12 = 4*m. Suppose 5*a - u = 3*w - 0*a, w + 7 = 3*a. What is the greatest common factor of 18 and w?
2
Let c be (-4)/6 - (-30)/18. Let x = 2 - c. Calculate the highest common factor of 1 and x.
1
Suppose 2*s + 144 = 6*s. Let z be (-3 - (0 - 3)) + -17. Let f = s + z. Calculate the greatest common divisor of 38 and f.
19
Let q = 12 + -8. Calculate the greatest common divisor of 10 and q.
2
Let m be ((-6)/7)/((-1)/7). Calculate the highest common factor of 6 and m.
6
Suppose 3*o = -4*l + 575, -300 = -5*l + 2*o + 390. Let t = -8 + 28. Calculate the greatest common divisor of l and t.
20
Let w be (0 - (-6)/4)*2. Suppose -d = w*d - 64. Let x = 1 - -1. What is the highest common divisor of x and d?
2
Let f = 5 + -4. Let g(h) = h**2 - 6*h + 3. Let i be g(6). What is the highest common divisor of f and i?
1
Suppose -5*u + 70 = 5*m, 3*m = 2*u + 1 - 19. Let y be 216/2 - 0/(-7). What is the greatest common factor of y and u?
12
Let f be 93/(-12) + (-7)/28. Let a be 2/4 - 228/f. What is the highest common factor of a and 116?
29
Let v = 10 - 5. Suppose -2*s - v*i = -32, -6*s + i = -s - 53. Let z(t) = 19*t - 7. Let k be z(5). Calculate the greatest common divisor of s and k.
11
Let j be ((-2)/(-4))/(1/12). Let u be ((-4)/j)/(6/(-81)). What is the greatest common divisor of 3 and u?
3
Suppose -x = 9 - 49. Calculate the highest common divisor of 20 and x.
20
Suppose -4*z + 209 = -v, -v + 1 = -2*v. Suppose -u - u + 156 = 0. What is the highest common divisor of u and z?
26
Suppose 0 = 5*i - 3*p - 195, 3*i + i + 5*p - 119 = 0. What is the highest common divisor of 4 and i?
4
Let z(k) = 3*k - 9. Let x be z(6). Suppose -3*q + 8 + x = 2*o, 39 = 4*o + q. Calculate the greatest common factor of 110 and o.
10
Let t = -32 + 34. What is the highest common divisor of 16 and t?
2
Let t be (-6)/(-4)*4/6. Calculate the greatest common factor of t and 2.
1
Let g(x) = -26*x - 10. Let c be g(-8). Suppose -3*h = -0*h - 12. Suppose s + 2*n + 22 = 2*s, -h*s - 4*n = -64. Calculate the greatest common factor of s and c.
18
Let f(w) = -w**3 - w**2 + w + 2. Let r be f(-2). Let z = 8 - r. Suppose z*h - 45 - 59 = 0. Calculate the highest common divisor of 39 and h.
13
Let f(g) = -g**3 + 9*g**2 - 9*g + 9. Let l be f(8). Let h be l + 7*1/1. Suppose 28 = 2*z + h. What is the greatest common factor of z and 25?
5
Let s = 5 - 17. Let w be 16/s*-60 - 0. Calculate the highest common divisor of 16 and w.
16
Let u(a) = a**2. Let g be u(2). Suppose 10 - 262 = -g*b. What is the greatest common factor of b and 9?
9
Let t be (1 - 3) + -2 + 16. What is the highest common divisor of t and 276?
12
Let d(v) = 16*v - 31. Let o be d(4). What is the greatest common divisor of o and 33?
33
Let g be ((-1)/4)/((5/12)/(-5)). Calculate the greatest common factor of g and 3.
3
Suppose 15 - 69 = -3*k. Let d be (k/8)/((-2)/(-24)). Suppose o - 3*l - 9 = 0, 8*l = -3*o + 5*l + 3. What is the greatest common factor of d and o?
3
Let a be 2/5 - (-1946)/35. Suppose b - 4*j - a = 0, -b + 48 = -2*j - 16. Calculate the greatest common divisor of b and 8.
8
Let i = -2 + 119. Let o(m) = -14*m - 1. Let t(l) = l**3 + 6*l**2 + 4*l - 6. Let b be t(-5). Let r be o(b). What is the greatest common factor of i and r?
13
Suppose -3*o + 100 = 2*o + z, 4*o - 80 = -z. Calculate the greatest common divisor of o and 4.
4
Suppose 6*b = 3*b - 3. Let k be 1 - (-3)/b - -10. Calculate the greatest common factor of k and 2.
2
Suppose -3*w + o + 13 = -0*o, 23 = 5*w - o. Let r = w - 5. Suppose -4*u + 31 - 3 = r. Calculate the highest common divisor of 28 and u.
7
Suppose -18 = -14*d + 11*d. What is the greatest common factor of d and 66?
6
Let l = -5 - -8. Calculate the greatest common divisor of 2 and l.
1
Suppose -2*t + 2 - 1 = 5*d, -d + 17 = -t. Let j be (-12)/9*t*1. What is the highest common divisor of 16 and j?
16
Let p(f) = -f**3 + 88. Let j be p(0). Let l(u) = u - 2. Let o be l(10). Calculate the highest common factor of o and j.
8
Let s be ((-42)/(-4))/((-12)/(-16)). What is the greatest common divisor of 14 and s?
14
Let g = -290 + 776. What is the greatest common divisor of 54 and g?
54
Suppose -2*u - 2*u - 26 = -5*f, -2*u + 26 = 4*f. Let x be (-1 - -4)/f*2. What is the highest common divisor of x and 1?
1
Suppose 7*n - 3*n = 0. Suppose g - 2*g + 2 = n. What is the highest common factor of 10 and g?
2
Suppose -2*s + 17 = -33. What is the greatest common factor of 25 and s?
25
Suppose 5*o = y - 14 - 105, -4*y + 5*o + 476 = 0. Let v = 251 - y. What is the greatest common divisor of v and 12?
12
Let w = -12 + 14. Calculate the greatest common factor of 1 and w.
1
Let i = 4 + -6. Let g(s) = -s**2 - 3*s + 2. Let q be g(i). Calculate the greatest common factor of q and 20.
4
Let g = 29 - 57. Let p = -17 - g. Suppose p = 3*i + 2. What is the greatest common divisor of i and 21?
3
Let m(j) = 3*j**3 + j**2 - 1. Let v be m(1). Suppose -p + 3 + 0 = k, -k = -v*p + 5. Let w = p - -12. What is the highest common divisor of 28 and w?
14
Let x be (3/1 + 28/(-16))*84. Calculate the highest common divisor of 15 and x.
15
Suppose -7*r = -0*r - 49. What is the highest common divisor of r and 77?
7
Let c(s) = -4*s - 17. Let f be c(-8). Calculate the highest common factor of f and 60.
15
Let p = 1 - 0. Let j(k) = -4*k - 5. Let s be j(-4). What is the highest common divisor of p and s?
1
Let q(h) = 4*h**2 + 2. Let g be q(4). Let v(y) = -y**3 - 7*y**2 - 9*y - 7. Let x be v(-6). Calculate the highest common factor of g and x.
11
Let y(g) = -2*g + 18. Let n be y(9). Suppose -2*b = -4*b - 5*k, 2*b - k - 24 = n. What is the greatest common divisor of 15 and b?
5
Suppose -4*o + 2*o + 48 = 0. Suppose 0 = 10*l + 38 - 98. Calculate the highest common factor of l and o.
6
Let r be 189/15*60/18. Calculate the highest common divisor of r and 28.
14
Let k(n) = n**3 + 8*n**2 + 9*n + 6. Suppose 4*x = -20, -32 = 2*d + 4*x - 0. Let t be k(d). Suppose 3*y + t = 5*y. What is the highest common factor of y and 96?
12
Suppose -7 = 2*z - c, -z - 9 - 7 = -3*c. Let p be z*5*(-13)/5. Calculate the highest common factor of p and 117.
13
Suppose -5*f + 274 = -581. Let b be 12/(4 - 8) - (-44)/2. Calculate the highest common divisor of f and b.
19
Suppose 4*w - 5 = -w. Suppose 5 = s - 2*s. Let q be -3 - s - -1*w. Calculate the highest common factor of 15 and q.
3
Suppose 3*l = -l + 4, -3*l = -z. Let i = 49 + -18. Suppose -z*s = -6, 4*r - 4*s - i - 9 = 0. Calculate the greatest common factor of 96 and r.
12
Let h(t) = 2*t**2 - t. Let b be h(1). Let i = 3 - b. Suppose m - 1 = -4*d + 4, 0 = -2*m - i*d + 16. Calculate the greatest common factor of 1 and m.
1
Let i be (-185)/65 - (-4)/(-26). Let d = i + 6. Let u(o) = 6*o. Let m be u(5). What is the greatest common divisor of m and d?
3
Suppose -12 = -0*f + 3*f. Let v be 22/f*(1 - 7). Let b(d) = -d**3 - 5*d**2 + d - 8. Let s be b(-6). What is the highest common divisor of v and s?
11
Let i = -35 + 61. Let s = i - 20. Calculate the highest common factor of s and 12.
6
Let a(x) = 2*x. Let b be a(1). Let y(n) = n**2 + 2*n + 3. Let t be y(4). Let l = t + -13. Calculate the greatest common divisor of l and b.
2
Let y be 410/14 - 10/35. Calculate the highest common